alculate the remainder when 347 is divided by 35.
32
Calculate the remainder when 558 is divided by 56.
54
What is the remainder when 3201 is divided by 36?
33
Calculate the remainder when 46 is divided by 12.
10
Calculate the remainder when 2838 is divided by 73.
64
What is the remainder when 17 is divided by 10?
7
What is the remainder when 38 is divided by 28?
10
What is the remainder when 404 is divided by 11?
8
Calculate the remainder when 10 is divided by 9.
1
Calculate the remainder when 30 is divided by 3.
0
What is the remainder when 2560 is divided by 13?
12
What is the remainder when 269 is divided by 13?
9
Calculate the remainder when 267 is divided by 55.
47
What is the remainder when 1033 is divided by 253?
21
Calculate the remainder when 458 is divided by 92.
90
Calculate the remainder when 100 is divided by 33.
1
What is the remainder when 67 is divided by 19?
10
Calculate the remainder when 300 is divided by 16.
12
Calculate the remainder when 590 is divided by 38.
20
Calculate the remainder when 627 is divided by 15.
12
What is the remainder when 270 is divided by 57?
42
What is the remainder when 106 is divided by 6?
4
What is the remainder when 748 is divided by 25?
23
Calculate the remainder when 1554 is divided by 10.
4
What is the remainder when 793 is divided by 156?
13
Calculate the remainder when 633 is divided by 311.
11
Calculate the remainder when 28634 is divided by 23.
22
What is the remainder when 11113 is divided by 247?
245
What is the remainder when 1654 is divided by 52?
42
Calculate the remainder when 909 is divided by 57.
54
What is the remainder when 623 is divided by 78?
77
What is the remainder when 68 is divided by 28?
12
What is the remainder when 2060 is divided by 13?
6
What is the remainder when 490 is divided by 8?
2
What is the remainder when 282 is divided by 41?
36
What is the remainder when 48 is divided by 33?
15
Calculate the remainder when 1404 is divided by 38.
36
What is the remainder when 1081 is divided by 1069?
12
Calculate the remainder when 679 is divided by 165.
19
What is the remainder when 28 is divided by 13?
2
Calculate the remainder when 289 is divided by 146.
143
Calculate the remainder when 537 is divided by 54.
51
Calculate the remainder when 117 is divided by 10.
7
Calculate the remainder when 618 is divided by 27.
24
Calculate the remainder when 185 is divided by 63.
59
Calculate the remainder when 232 is divided by 117.
115
What is the remainder when 231 is divided by 63?
42
Calculate the remainder when 112 is divided by 6.
4
Calculate the remainder when 128 is divided by 62.
4
Calculate the remainder when 20960 is divided by 137.
136
Calculate the remainder when 28 is divided by 12.
4
What is the remainder when 282 is divided by 32?
26
Calculate the remainder when 208 is divided by 70.
68
What is the remainder when 393 is divided by 36?
33
Calculate the remainder when 4957 is divided by 72.
61
Calculate the remainder when 68 is divided by 12.
8
Calculate the remainder when 305 is divided by 31.
26
Calculate the remainder when 198 is divided by 40.
38
Calculate the remainder when 6199 is divided by 14.
11
Calculate the remainder when 6 is divided by 3.
0
What is the remainder when 218 is divided by 58?
44
What is the remainder when 1353 is divided by 6?
3
What is the remainder when 218 is divided by 46?
34
What is the remainder when 665 is divided by 305?
55
What is the remainder when 141 is divided by 7?
1
Calculate the remainder when 260 is divided by 249.
11
Calculate the remainder when 503 is divided by 122.
15
Calculate the remainder when 277 is divided by 40.
37
Calculate the remainder when 143 is divided by 72.
71
Calculate the remainder when 127 is divided by 18.
1
What is the remainder when 12 is divided by 5?
2
Calculate the remainder when 135 is divided by 21.
9
What is the remainder when 113 is divided by 98?
15
Calculate the remainder when 31 is divided by 26.
5
What is the remainder when 670 is divided by 330?
10
Calculate the remainder when 245 is divided by 157.
88
What is the remainder when 612 is divided by 161?
129
Calculate the remainder when 34 is divided by 1.
0
Calculate the remainder when 68 is divided by 9.
5
Calculate the remainder when 1153 is divided by 1107.
46
Calculate the remainder when 85 is divided by 23.
16
What is the remainder when 594 is divided by 15?
9
Calculate the remainder when 362 is divided by 58.
14
What is the remainder when 59 is divided by 31?
28
Calculate the remainder when 86 is divided by 19.
10
What is the remainder when 581 is divided by 48?
5
Calculate the remainder when 271 is divided by 77.
40
What is the remainder when 826 is divided by 49?
42
Calculate the remainder when 69 is divided by 8.
5
What is the remainder when 344 is divided by 125?
94
Calculate the remainder when 65 is divided by 19.
8
What is the remainder when 163 is divided by 33?
31
Calculate the remainder when 3210 is divided by 4.
2
What is the remainder when 322 is divided by 6?
4
What is the remainder when 999 is divided by 24?
15
Calculate the remainder when 1505 is divided by 18.
11
Calculate the remainder when 3997 is divided by 160.
157
What is the remainder when 83 is divided by 58?
25
What is the remainder when 19 is divided by 10?
9
What is the remainder when 369 is divided by 42?
33
What is the remainder when 83 is divided by 17?
15
Calculate the remainder when 29 is divided by 19.
10
What is the remainder when 219 is divided by 41?
14
What is the remainder when 523 is divided by 191?
141
Calculate the remainder when 5124 is divided by 34.
24
Calculate the remainder when 63 is divided by 15.
3
Calculate the remainder when 211 is divided by 106.
105
Calculate the remainder when 491 is divided by 50.
41
Calculate the remainder when 163 is divided by 67.
29
Calculate the remainder when 240 is divided by 80.
0
What is the remainder when 654 is divided by 212?
18
Calculate the remainder when 1026 is divided by 511.
4
What is the remainder when 3928 is divided by 9?
4
Calculate the remainder when 1784 is divided by 149.
145
Calculate the remainder when 555 is divided by 48.
27
What is the remainder when 3434 is divided by 6?
2
Calculate the remainder when 26 is divided by 11.
4
Calculate the remainder when 832 is divided by 50.
32
What is the remainder when 4103 is divided by 18?
17
Calculate the remainder when 288 is divided by 90.
18
What is the remainder when 20960 is divided by 153?
152
Calculate the remainder when 2924 is divided by 61.
57
What is the remainder when 525 is divided by 12?
9
What is the remainder when 1136 is divided by 72?
56
Calculate the remainder when 229 is divided by 71.
16
Calculate the remainder when 1151 is divided by 381.
8
Calculate the remainder when 149 is divided by 51.
47
Calculate the remainder when 260 is divided by 89.
82
What is the remainder when 460 is divided by 77?
75
Calculate the remainder when 250 is divided by 68.
46
Calculate the remainder when 1853 is divided by 29.
26
What is the remainder when 3 is divided by 1?
0
What is the remainder when 1049 is divided by 105?
104
What is the remainder when 2052 is divided by 8?
4
Calculate the remainder when 2051 is divided by 33.
5
Calculate the remainder when 1001 is divided by 251.
248
Calculate the remainder when 1981 is divided by 1959.
22
Calculate the remainder when 994 is divided by 89.
15
Calculate the remainder when 32 is divided by 13.
6
What is the remainder when 139 is divided by 20?
19
Calculate the remainder when 60 is divided by 24.
12
What is the remainder when 841 is divided by 14?
1
What is the remainder when 14345 is divided by 70?
65
What is the remainder when 3924 is divided by 21?
18
What is the remainder when 416 is divided by 53?
45
Calculate the remainder when 67 is divided by 24.
19
Calculate the remainder when 203 is divided by 42.
35
What is the remainder when 399 is divided by 100?
99
What is the remainder when 145 is divided by 32?
17
Calculate the remainder when 2065 is divided by 22.
19
What is the remainder when 3555 is divided by 127?
126
What is the remainder when 240 is divided by 22?
20
What is the remainder when 3005 is divided by 70?
65
Calculate the remainder when 871 is divided by 38.
35
Calculate the remainde